q(g) = 2*g**2 - 2066*g - 192529. Calculate q(-86).
-61
Let k(c) = 14*c**2 - 466*c - 1924. Calculate k(37).
0
Let i(b) = -64693*b - 905623. Determine i(-14).
79
Let h(r) = -3528*r + 18281. What is h(5)?
641
Let o(w) = -3*w**3 + 19*w**2 - 106*w + 662. What is o(6)?
62
Let p(x) = -5*x**3 - 36*x**2 + 1131*x - 2107. Determine p(2).
-29
Let d(y) = 95*y**2 + 13*y - 19. Determine d(2).
387
Let g(i) = -i**3 + 16*i**2 + 151*i + 289. Determine g(-4).
5
Let j(u) = -45*u**2 - 916*u + 57. Determine j(-20).
377
Let f(a) = -30*a**2 - 19766*a - 17114. Determine f(-658).
-6
Let o(k) = k**3 + 2*k**2 + 7*k - 712. Give o(8).
-16
Let w(f) = -169*f**2 + 4378*f - 3833. What is w(25)?
-8
Let f(d) = 20*d**2 - 219*d - 67. Give f(16).
1549
Let j(v) = -2265*v - 4321. What is j(-2)?
209
Let s(m) = -2*m**2 + 1215*m - 13. Give s(0).
-13
Let t(k) = -53*k**2 + 279*k - 24. Calculate t(2).
322
Let o(g) = 21417*g - 663951. Calculate o(31).
-24
Let f(w) = 4*w**3 + 307*w**2 - 677*w + 2699. What is f(-79)?
13
Let f(t) = t**2 - 32*t - 6147. Determine f(-64).
-3
Let l(n) = 55867*n - 111816. Give l(2).
-82
Let o(t) = -20*t**2 - 423*t - 1971. Determine o(-14).
31
Let i(a) = 67*a**3 - 200*a**2 + 32*a - 110. Determine i(3).
-5
Let a(t) = -282*t**2 + 1153*t - 68. Calculate a(4).
32
Let w(g) = 2*g**3 + 295*g**2 - 458*g - 2484. What is w(-149)?
-845
Let h(c) = -c**3 + 3*c**2 + 1317*c - 580. Determine h(-35).
-125
Let s(x) = -67*x - 10663. What is s(-144)?
-1015
Let s(o) = o**2 - 231*o - 4477. What is s(-18)?
5
Let t(i) = -i**3 + 421*i**2 - 43888*i - 462. Calculate t(231).
0
Let a(j) = 161*j**2 - 902*j - 146. Give a(6).
238
Let g(c) = 2*c**2 - 26806*c - 160782. What is g(-6)?
126
Let m(q) = -12381*q + 4420016. What is m(357)?
-1
Let u(s) = -348*s + 4026. Give u(12).
-150
Let u(o) = 103*o**2 + 44899*o - 3887. What is u(-436)?
37
Let q(w) = w**2 + 408*w + 26237. Determine q(-80).
-3
Let x(s) = -27*s**2 + 295*s - 603. Give x(9).
-135
Let a(q) = q**2 + 157*q + 7027. Give a(-71).
921
Let w(l) = 16433*l - 50688. Determine w(3).
-1389
Let o(q) = 7*q**2 + 1459*q - 23406. Give o(15).
54
Let m(p) = -17675*p - 1467054. Determine m(-83).
-29
Let v(w) = 789*w - 12364. What is v(14)?
-1318
Let u(v) = v**2 + 417*v + 43544. What is u(-211)?
78
Let q(i) = -6787*i - 115311. Calculate q(-17).
68
Let m(b) = b**3 + 845*b - 4244. Calculate m(5).
106
Let f(x) = -x**3 - 17*x**2 + 1320*x - 7075. Give f(6).
17
Let a(p) = -287*p - 13000. Determine a(-45).
-85
Let d(u) = 3*u**2 - 425*u + 8. Determine d(5).
-2042
Let z(p) = -20*p**2 + 108*p - 1523. Calculate z(15).
-4403
Let h(r) = -36*r**2 + 21238*r + 1214. Give h(590).
34
Let w(d) = d**3 + 327*d**2 - 1613*d + 14124. What is w(-332)?
-1480
Let u(k) = 27*k**2 + 1999*k + 74. Give u(-74).
0
Let v(m) = -m**2 - 2296*m - 20688. Give v(-9).
-105
Let t(m) = -14*m**3 + 944*m**2 - 333*m - 4627. Calculate t(67).
-4
Let s(q) = -12*q**3 - 63*q**2 + 131*q - 64. Determine s(-7).
48
Let c(x) = -2*x**3 + 321*x**2 - 6438*x - 141. Determine c(137).
-4
Let y(p) = p**2 + 182*p - 9968. Determine y(44).
-24
Let u(v) = v**3 - v**2 + 153*v + 692. Give u(0).
692
Let t(g) = -g**3 + 33*g**2 + 17*g - 641. Give t(33).
-80
Let l(z) = -29*z**2 - 1754*z - 655. Calculate l(-60).
185
Let t(b) = b**2 - 48*b - 1723. What is t(-24)?
5
Let h(a) = a**3 - 4*a**2 + 9793*a - 39191. Calculate h(4).
-19
Let h(l) = 5*l**2 + 208*l - 163. Determine h(-43).
138
Let x(t) = 6*t**3 + 38*t**2 + 769*t + 5359. Determine x(-7).
-220
Let a(b) = 6713*b - 9183379. Give a(1368).
5
Let l(m) = 62102*m + 62089. Give l(-1).
-13
Let p(j) = -908*j**2 - 27229*j + 367. Calculate p(-30).
37
Let z(a) = a**2 + 30*a - 1262. Give z(-59).
449
Let q(m) = -2*m**2 - 1148*m - 164491. What is q(-298)?
5
Let w(l) = -l**3 - 16*l**2 + 166*l + 2569. Calculate w(-12).
1
Let q(i) = 2986*i**2 + 41812*i + 107. What is q(-14)?
-5
Let s(p) = -13*p - 454. Calculate s(6).
-532
Let m(j) = -24*j**3 + 402*j**2 - 1172*j + 5. What is m(3)?
-541
Let l(c) = c**2 + 383*c + 29706. What is l(-108)?
6
Let n(h) = 841*h + 142769. Give n(-170).
-201
Let g(u) = 2*u**2 + 147631*u + 2214019. Calculate g(-15).
4
Let n(l) = -415*l**3 - 2*l**2 + 18*l + 21. Calculate n(-1).
416
Let v(z) = 1767*z + 1854. What is v(-1)?
87
Let f(u) = -2*u**3 - 10*u**2 - 14*u - 12. What is f(-6)?
144
Let f(r) = -468*r - 124260. Calculate f(-266).
228
Let m(d) = -d**2 - 213*d - 11644. Calculate m(-108).
-304
Let j(q) = -6*q**2 - 50*q - 17. Determine j(6).
-533
Let i(s) = -s**2 + 1623*s + 8150. What is i(-5)?
10
Let f(t) = -t**3 - 102*t**2 - 321*t + 15913. Determine f(-97).
5
Let s(f) = -29*f**2 + 4716*f + 1723. Give s(163).
-70
Let a(w) = w**3 - 92*w**2 - 88*w + 139. Give a(93).
604
Let o(x) = 3042963*x + 30429624. Give o(-10).
-6
Let i(v) = -121*v - 3212. Calculate i(-30).
418
Let s(o) = 2*o**2 - 155*o - 4657. What is s(-23)?
-34
Let p(s) = s**3 - 218*s**2 + 642*s - 1049. Give p(215).
-1694
Let k(m) = -m**3 - 96*m**2 + 1199*m - 10483. Determine k(-108).
-7
Let i(z) = -17*z**3 - 109*z**2 + 45*z - 170. Calculate i(-7).
5
Let k(u) = 92*u + 7492. Determine k(-82).
-52
Let v(d) = -129*d + 22462. What is v(174)?
16
Let p(a) = 5567096*a - 16701286. Determine p(3).
2
Let u(f) = -20648*f + 18611. Determine u(1).
-2037
Let g(d) = -2*d**2 + 165*d + 11876. Determine g(-45).
401
Let v(j) = -1982*j + 26056. Calculate v(13).
290
Let r(a) = a**3 - 6*a**2 - 85*a + 470. What is r(6)?
-40
Let b(h) = -h**2 + 158*h - 2641. Give b(19).
0
Let c(v) = v**2 + 2448*v - 1344418. What is c(462)?
2
Let q(x) = 2*x**2 - 859*x + 91392. What is q(235)?
-23
Let r(j) = -2*j**2 - 581*j + 83925. Calculate r(105).
870
Let a(u) = u**3 - 12*u**2 + 2133*u - 35152. Determine a(16).
0
Let u(z) = -89*z**2 + 5895*z - 1404. Give u(66).
-18
Let d(q) = -410527*q + 6978966. Calculate d(17).
7
Let w(t) = -2*t**3 - 226*t**2 + 2441*t + 186. Determine w(10).
-4
Let r(w) = -w**3 - 27*w**2 + 544*w - 1229. What is r(-41)?
1
Let a(d) = -4*d**2 + 968*d + 42556. Calculate a(280).
-4
Let t(v) = -95*v**3 - 50825*v**2 - 35*v - 18732. Give t(-535).
-7
Let u(t) = -23*t**2 + 980*t + 6713. What is u(-6)?
5
Let m(w) = -7426*w - 74261. Give m(-10).
-1
Let d(t) = -t**3 - 33*t**2 - 47*t + 806. Calculate d(-31).
341
Let w(n) = n**3 - 4*n**2 - 68*n - 29. Give w(11).
70
Let o(w) = 2*w**2 - 44*w + 2152. Give o(0).
2152
Let w(r) = 357*r - 44521. Calculate w(123).
-610
Let w(k) = -k**3 + 5*k**2 + 61*k - 350. Give w(5).
-45
Let h(q) = 228*q**2 + 1148*q + 1398. Give h(-2).
14
Let z(n) = 9*n**2 + 3520*n + 20741. Give z(-6).
-55
Let u(t) = t**3 - 25*t**2 + 43552*t - 173869. Give u(4).
3
Let d(p) = 1024534*p - 4098120. Determine d(4).
16
Let o(k) = -k**3 - 16*k**2 - 137*k - 337. Determine o(-12).
731
Let m(a) = -2*a**2 - 461*a - 1579. Give m(-227).
10
Let p(a) = a**3 + 33*a**2 + 3*a - 965. Calculate p(0).
-965
Let t(b) = 703*b + 18289. Calculate t(-26).
11
Let h(u) = 78*u**2 + 85*u - 185. Calculate h(-2).
-43
Let i(h) = -42644*h + 127998. Give i(3).
66
Let b(k) = -k**2 + 16898*k + 321416. Calculate b(-19).
-7
Let j(l) = -7*l**2 + 1589*l + 531. Calculate j(228).
-1065
Let h(w) = 3*w**3 - 169*w**2 - 113*w - 48. What is h(57)?
9
Let c(l) = 180658*l + 2348570. What is c(-13)?
16
Let q(y) = y**2 + 200*y - 4362. Determine q(24).
1014
Let i(m) = m**3 + 27*m**2 + 327*m - 67. Determine i(-15).
-2272
Let t(v) = -7*v**3 - 5*v**2 + 44*v + 168. Determine t(-4).
360
Let t(h) = 6*h**2 + 2658*h + 13106. Give t(-438).
-34
Let z(h) = 736*h**3 + 271*h**2 + h + 1. What is z(-1)?
-465
Let t(v) = -10535*v + 10758. What is t(1)?
223
Let o(q) = -q**3 - 12*q**2 - 738*q - 8017. Give o(-11).
-20
Let f(o) = o**3 - 61*o**2 - 29*o + 1751. What is f(61)?
-18
Let s(v) = 6*v**3 - 620*v**2 + 6541*v + 415. Determine s(12).
-5
Let r(u) = u**3 + 133*u**2 + 648*u - 37. What is r(-5)?
-77
Let z(s) = -21*s**2 + 1005*s - 5999. Give z(7).
7
Let d(h) = 9*h**3 - h**2 - 669*h - 3103. Determine d(-5).
-908
Let i(l) = 47*l**2 + 46979*l - 21003. Calculate i(-1000).
-3
Let s(x) = x**3 + 236*x**2 + 489*x + 5055. Determine s(-234).
141
Let s(f) = -f**3 - 535*f**2 + 11107*f - 152. What is s(20)?
-12
Let w(h) = 2279*h - 52466. Calculate w(23).
-49
Let h(q) = -1379*q + 435749. Determine h(316).
-15
Let x(c) = -c**2 - 3093*c - 407783. Determine x(-138).
7
Let l(x) = 2*x**2 - 696*x - 237458. Calculate l(-212).
-18
Let j(b) = -3*b